{"id":216,"date":"2021-06-03T18:02:13","date_gmt":"2021-06-03T18:02:13","guid":{"rendered":"http:\/\/www.statueofsatoshi.com\/?page_id=216"},"modified":"2022-11-04T12:06:37","modified_gmt":"2022-11-04T12:06:37","slug":"roadmap","status":"publish","type":"page","link":"https:\/\/www.statueofsatoshi.com\/index.php\/roadmap\/","title":{"rendered":"Roadmap"},"content":{"rendered":"\n<p>On this page we present the step-by-step roadmap of the Satoshi Statue.<\/p>\n\n\n\n<p>-March 2021: Original <strong>idea <\/strong>of a Satoshi Nakamoto statue<strong> conceived by Andr\u00e1s Gy\u00f6rfi<\/strong>, editor of Kripto Akad\u00e9mia.<\/p>\n\n\n\n<p>-April 2021: <strong>Imre Szil\u00e1gyi<\/strong>, founder of the Blockchain Budapest conference,<strong> Gabriella Debreczeni-Rask\u00f3, Barnab\u00e1s Debreczeni <\/strong>from MrCoin and<strong> Korn\u00e9l Kalocsai<\/strong>, president of the Blockchain Hungary Association<strong> join the team<\/strong>.<\/p>\n\n\n\n<p>-April 2021: <strong>R\u00e9ka Gergely and Tam\u00e1s Gilly<\/strong> are selected as <strong>sculptures<\/strong>.<\/p>\n\n\n\n<p>-June 2021: <strong>Clay model<\/strong> of the Satoshi Statue <strong>ready<\/strong>.<\/p>\n\n\n\n<p>-July 2021: <strong>bronze<\/strong>-aluminuim composite <strong>half-portrait statue ready<\/strong>.<\/p>\n\n\n\n<p>-August 2021: <strong>pillar<\/strong> <strong>arrives<\/strong> from Croatia.<\/p>\n\n\n\n<p>-September 16th 2021: <a href=\"https:\/\/fb.me\/e\/16SkVsCdy\"><strong>Introducing Satoshi&#8217;s statue<\/strong> to the world<\/a>.<\/p>\n","protected":false},"excerpt":{"rendered":"<p>On this page we present the step-by-step roadmap of the Satoshi Statue. -March 2021: Original idea of a Satoshi Nakamoto statue conceived by Andr\u00e1s Gy\u00f6rfi, editor of Kripto Akad\u00e9mia. -April 2021: Imre Szil\u00e1gyi, founder of the Blockchain Budapest conference, Gabriella Debreczeni-Rask\u00f3, Barnab\u00e1s Debreczeni from MrCoin and Korn\u00e9l Kalocsai, president of the Blockchain Hungary Association join &hellip; <\/p>\n<p class=\"link-more\"><a href=\"https:\/\/www.statueofsatoshi.com\/index.php\/roadmap\/\" class=\"more-link\">Continue reading<span class=\"screen-reader-text\"> &#8220;Roadmap&#8221;<\/span><\/a><\/p>\n","protected":false},"author":2,"featured_media":0,"parent":0,"menu_order":0,"comment_status":"closed","ping_status":"closed","template":"","meta":{"_monsterinsights_skip_tracking":false,"_monsterinsights_sitenote_active":false,"_monsterinsights_sitenote_note":"","_monsterinsights_sitenote_category":0,"footnotes":""},"_links":{"self":[{"href":"https:\/\/www.statueofsatoshi.com\/index.php\/wp-json\/wp\/v2\/pages\/216"}],"collection":[{"href":"https:\/\/www.statueofsatoshi.com\/index.php\/wp-json\/wp\/v2\/pages"}],"about":[{"href":"https:\/\/www.statueofsatoshi.com\/index.php\/wp-json\/wp\/v2\/types\/page"}],"author":[{"embeddable":true,"href":"https:\/\/www.statueofsatoshi.com\/index.php\/wp-json\/wp\/v2\/users\/2"}],"replies":[{"embeddable":true,"href":"https:\/\/www.statueofsatoshi.com\/index.php\/wp-json\/wp\/v2\/comments?post=216"}],"version-history":[{"count":15,"href":"https:\/\/www.statueofsatoshi.com\/index.php\/wp-json\/wp\/v2\/pages\/216\/revisions"}],"predecessor-version":[{"id":354,"href":"https:\/\/www.statueofsatoshi.com\/index.php\/wp-json\/wp\/v2\/pages\/216\/revisions\/354"}],"wp:attachment":[{"href":"https:\/\/www.statueofsatoshi.com\/index.php\/wp-json\/wp\/v2\/media?parent=216"}],"curies":[{"name":"wp","href":"https:\/\/api.w.org\/{rel}","templated":true}]}}